{"id":1338,"date":"2024-01-16T21:33:53","date_gmt":"2024-01-16T20:33:53","guid":{"rendered":"https:\/\/estructuratuproyecto.com\/?post_type=product&#038;p=1338"},"modified":"2024-01-24T00:11:29","modified_gmt":"2024-01-23T23:11:29","slug":"curso-elaboracion-plan-de-negocio","status":"publish","type":"product","link":"https:\/\/estructuratuproyecto.com\/index.php\/product\/curso-elaboracion-plan-de-negocio\/","title":{"rendered":"Curso te\u00f3rico practico: Elaboraci\u00f3n plan de negocio para emprendedores"},"content":{"rendered":"<p>El prop\u00f3sito fundamental de este curso es proporcionar a los emprendedores las habilidades necesarias para desarrollar planes de negocios efectivos.<\/p>\n","protected":false},"excerpt":{"rendered":"<p>El prop\u00f3sito fundamental de este curso es proporcionar a los emprendedores las habilidades necesarias para desarrollar planes de negocios efectivos.<\/p>\n","protected":false},"featured_media":1569,"template":"","meta":[],"product_cat":[23],"product_tag":[],"class_list":{"0":"post-1338","1":"product","2":"type-product","3":"status-publish","4":"has-post-thumbnail","6":"product_cat-cursos-y-talleres","8":"first","9":"onbackorder","10":"virtual","11":"sold-individually","12":"taxable","13":"purchasable","14":"product-type-simple"},"jetpack_sharing_enabled":true,"_links":{"self":[{"href":"https:\/\/estructuratuproyecto.com\/index.php\/wp-json\/wp\/v2\/product\/1338","targetHints":{"allow":["GET"]}}],"collection":[{"href":"https:\/\/estructuratuproyecto.com\/index.php\/wp-json\/wp\/v2\/product"}],"about":[{"href":"https:\/\/estructuratuproyecto.com\/index.php\/wp-json\/wp\/v2\/types\/product"}],"wp:featuredmedia":[{"embeddable":true,"href":"https:\/\/estructuratuproyecto.com\/index.php\/wp-json\/wp\/v2\/media\/1569"}],"wp:attachment":[{"href":"https:\/\/estructuratuproyecto.com\/index.php\/wp-json\/wp\/v2\/media?parent=1338"}],"wp:term":[{"taxonomy":"product_cat","embeddable":true,"href":"https:\/\/estructuratuproyecto.com\/index.php\/wp-json\/wp\/v2\/product_cat?post=1338"},{"taxonomy":"product_tag","embeddable":true,"href":"https:\/\/estructuratuproyecto.com\/index.php\/wp-json\/wp\/v2\/product_tag?post=1338"}],"curies":[{"name":"wp","href":"https:\/\/api.w.org\/{rel}","templated":true}]}}